 = 3*i**2 + 13*i - 10. Let z(d) = -4*u(d) - 7*y(d). Calculate z(8).
-2
Let r = -11 + 18. Let v(d) = -9*d**3 + 3 - 8*d + 11*d**3 - 6*d**2 - d**3. What is v(r)?
-4
Let r(z) = 3*z + 1. Let k be (-8)/(-100) - (-992)/100. Determine r(k).
31
Let d(n) = -n**2 - 5*n + 12. Let u be d(-6). Let r(k) = k - 7. Let i be r(u). Let s(p) = -11*p**2 - 1. Determine s(i).
-12
Let k be (-6)/(-9)*(-3)/2. Let j be (1/2)/(k/6). Let z(n) = 8*n + 2. Let l(v) = -v. Let u(x) = 4*l(x) + z(x). What is u(j)?
-10
Suppose 3*o - 3*w - 15 = 0, 0 = -6*o + 2*o - w + 15. Let r(k) = -6*k**3 + 2*k**3 + 3*k**3 - 2*k + 0*k**3 - 1 + 5*k**2. Calculate r(o).
7
Let z = -13 + 16. Let f(u) = 5 + u**2 - 3*u - 7 - z - 4*u. Calculate f(8).
3
Let z(i) = 733*i - 733*i - 26*i**2. Determine z(1).
-26
Let l(j) = 6*j**2 - 6*j - 5. Let q(m) = -m**3 + 5*m**2 + 5*m + 5. Let w be q(6). Let y be l(w). Let s(o) = o**2 - 7*o + 6. Determine s(y).
6
Let k(n) = n**3 - n**2. Let g be (-1)/((-2 + 1)*1). Suppose -13*i = -12*i + 5. Let r(q) = 6*q**3 - 11*q**2 - 3. Let u(o) = g*r(o) + i*k(o). Calculate u(6).
-3
Suppose -3*t + 30 = 2*t. Let a(m) = 6*m**2 + m - 1. Let o(i) = -29*i**2 - 13*i + 12. Let r(p) = -5*a(p) - o(p). What is r(t)?
5
Let t(s) = s. Let p(a) = -a. Let w(x) = -5*p(x) + t(x). Calculate w(1).
6
Suppose -81 = -3*k - 4*t - 20, -57 = -3*k - 3*t. Suppose -k*n + 3*n + 0*n = 0. Let b(x) = -x**2 - x - 16. Determine b(n).
-16
Let i(c) = -3*c + 25. Let g(s) = -12*s + 107. Let j(q) = -2*g(q) + 9*i(q). What is j(11)?
-22
Let k(z) = z**2 - 7*z + 5. Let o be k(6). Let n = 6 + o. Let w(t) = -30*t**2 + 0*t - 3*t + 31*t**2 + 0*t. What is w(n)?
10
Let b(h) = -3*h - 1. Let a be b(-3). Let u = a + -6. Let l(x) = -3*x - 2 - 1 + 8*x - 3*x. Give l(u).
1
Let x = 16 + -10. Suppose 0 = -4*j + x*j - 6. Let f(s) = -s**2 + 7*s - 1. Let r(u) = -u**2 + 9*u - 2. Let z(g) = 3*f(g) - 2*r(g). Determine z(j).
1
Let x(y) = -y**2 - 12*y - 19. Let q be (-6)/4*(-1184)/(-222). Calculate x(q).
13
Suppose 48*b + 3*b + 561 = 0. Let d(l) = -l**3 - 12*l**2 - 11*l + 6. Give d(b).
6
Let k(m) = -m**3 + 3*m - 2. Let l be (-10)/25 + (-51)/(-15). Determine k(l).
-20
Suppose 2*v + 145 = -3*q, 5*v - 5*q + 79 = 4*v. Let r = 80 + v. Let s(g) = -g**2 + 7*g + 4. Calculate s(r).
10
Let m(c) = -c**3 + 6*c**2 - c + 2. Let t = 85 + -47. Suppose -3*k = -3*p + 30, k + k + t = 5*p. What is m(p)?
-4
Let k be 4 + (-2 - (-20)/8)*0. Let w(a) = a**2 - k - 7*a + 18*a + 2 - 6. Calculate w(-12).
4
Let g(d) be the first derivative of -1/2*d**2 + 1/3*d**3 - 12 + d. Give g(1).
1
Let f(a) be the third derivative of a**4/8 + 67*a**3/6 + 21*a**2 - 7. Determine f(-25).
-8
Let k(u) be the first derivative of u**3/3 - 17*u**2/2 - 22*u - 164. Give k(17).
-22
Let t(q) = 10*q**2 + 10*q - 1. Let m(j) = 12*j**2 + 12*j - 2. Let u(h) = -4*m(h) + 5*t(h). Suppose 4*c - 3*p = p - 28, -c - p + 3 = 0. What is u(c)?
7
Let p(r) = -5. Let h(v) = -v**2 + 10*v - 22. Let s(y) = -h(y) + 2*p(y). Suppose 28 = 2*l + 10. Give s(l).
3
Let t(v) = -1 + 3*v**2 - 1 - 2*v**2 - v - 6*v. Suppose -j + 439 - 432 = 0. What is t(j)?
-2
Let d be -4 + 15/5 - -1. Let c(l) = -l**2 - 10. Calculate c(d).
-10
Suppose 2*d = -0*d. Let u(v) = -v**3 + v**2 + v + 2. Let t be u(d). Let h(o) = 12*o**3 - 2 + o - o**t - 28*o**3 + 17*o**3 - o**2. Determine h(2).
0
Let p = -12 + 18. Suppose 0 = -p*i + 11*i - 10. Let r(k) = 11*k - 19*k + 3 + 1 + k**i + 9*k. What is r(0)?
4
Suppose 1 = l + 5. Let d(u) = -u**3 - 11*u**2 + 5*u + 4. Let b(r) = -4*r**3 - 48*r**2 + 20*r + 16. Let w(t) = -2*b(t) + 9*d(t). What is w(l)?
0
Let i(h) = 11*h**3 + 2*h**2 - 2*h. Let u be i(1). Let o(q) = -q**2 + 11*q - 8. Give o(u).
-8
Let h(w) = -w**2 + w + 1. Let b(t) be the first derivative of -3*t**2 + 5*t - 140. Let z be ((-8)/6)/((-6)/9). Let k(m) = z*h(m) - b(m). Calculate k(5).
-13
Let v(f) = -3*f**3 - 32*f**2 + 8*f - 50. Let r(z) = 4*z**3 + 42*z**2 - 11*z + 66. Let i(u) = 7*r(u) + 9*v(u). Give i(-7).
-2
Let q(a) = 3. Let f(s) = -8*s - 12. Let m(p) = f(p) + 5*q(p). Calculate m(3).
-21
Let c be 27*(4 + 11/(-3)). Let a(k) = k**3 - 4*k**2 + 3*k - 8. Let h(g) = g**2 - g. Let r(n) = -a(n) + 6*h(n). Calculate r(c).
8
Let a(i) be the first derivative of i**2/2 + i - 1. Suppose r + 16 = -3*r. What is a(r)?
-3
Let g be -17 + 5*(-18)/(-10). Let z(x) be the second derivative of -x**3/6 - 7*x**2/2 + x. Give z(g).
1
Let n(l) = -7*l - 10. Let g(y) = 10*y + 16. Let u(i) = 5*g(i) + 7*n(i). Give u(-6).
4
Let f be ((-10)/4)/((-16)/(-32)). Let a(o) = -o + 1. Let g(u) = -u**2 + 12*u - 10. Let w(p) = f*a(p) - g(p). Give w(7).
5
Let s(d) = -6*d - 1. Let y be s(-1). Let w(v) = -v + 0 - y + 0. Let c(b) = -b**2 + 7*b + 116. Let u be c(-8). Calculate w(u).
-1
Let s(c) = 2*c - 4. Let h(u) = -6*u + 13. Let g(t) = 2*h(t) + 7*s(t). Suppose 3*p = -47 + 2. Let d be 1/((p/(-6))/(-5)). What is g(d)?
-6
Suppose 0 = -38*v + 51 - 317. Let b(m) = -m**3 - 8*m**2 - 8*m - 2. Determine b(v).
5
Let g = 37 + -36. Let d(s) be the first derivative of -5*s**2 - 2*s + 5. Let o(b) = -20*b - 3. Let i(w) = -5*d(w) + 3*o(w). Give i(g).
-9
Let o(c) = -3*c + 7. Let w(b) = -1. Suppose 0 = 4*j + a - 15, 3*j - 9 = -4*a + a. Let n(p) = j*w(p) + o(p). Suppose 9 = 3*v + 3. Determine n(v).
-3
Suppose -23*f - 50 + 142 = 0. Let d(h) = -h**3 + 3*h**2 - 5*h + 2. Determine d(f).
-34
Let t(y) = -y**3 - 4*y**2 + 11*y - 6. Suppose u - 4*c - 2 = -12, -u + 3*c = 9. Give t(u).
0
Let u(a) = -a + 1. Let k be u(1). Let t(v) = -8*v - 94. Let x be t(-12). Let z be k/(3 - x/1). Let w(l) = -l**3 - l**2 + l + 14. Give w(z).
14
Let d(c) be the second derivative of c**6/360 + c**5/24 + 5*c**4/24 + 41*c**3/6 + 22*c. Let h(t) be the second derivative of d(t). Determine h(-5).
5
Let z(i) = -19*i - 15*i + 6 + 44*i - 13*i. Give z(-3).
15
Let i be ((-24)/10)/((-14)/(-70)). Let n = i - -176. Let b(f) = -2*f**2 - 170*f + 3*f**2 + n*f. Determine b(6).
0
Let v(a) be the second derivative of -a**7/2520 + 7*a**6/720 - a**5/120 + a**4/3 - 8*a. Let x(n) be the third derivative of v(n). Calculate x(6).
5
Let o = -8 + 16. Let u(g) = -o*g + g**3 - 8 + 14*g - 10*g**2 - 5*g. Determine u(10).
2
Let t = 20 + -13. Let o be ((-2)/(-1))/(-2)*t. Let f(v) = v**3 + 8*v**2 + 6*v - 9. Give f(o).
-2
Let z(s) = 3*s**2 + 5*s - 5. Suppose 0 = -19*j - 13*j + 32. Calculate z(j).
3
Let h(y) = -y**3 - 8*y**2 + 5*y - 10. Let b(i) = -i**3 - 10*i**2 + 6*i - 12. Let a(j) = -4*b(j) + 5*h(j). What is a(2)?
-8
Let n(k) = k**2 + 5*k - 6. Let w = 35 + -30. Suppose 2*i + 115 = -2*i - w*u, -4*i = 3*u + 125. Let z = i - -29. Give n(z).
0
Let p be 38/((-2*3)/3). Let x = p - -26. Let t(g) = g - 10. Give t(x).
-3
Let x(y) be the third derivative of y**4/12 + 5*y**3/6 + y**2. Suppose -219*v + 193*v - 156 = 0. Determine x(v).
-7
Let z(k) = k + 1. Suppose 4*l = 2*w + 32, -26 = -4*l + 3*w + 2*w. Let o = 139 + -149. Let a = l + o. Determine z(a).
0
Let z(q) be the first derivative of 7*q**2/2 - 4*q - 30. Let l(j) = -j. Let c(k) = 6*l(k) + z(k). Let b(d) = 3*d - 3. Let y be b(2). Give c(y).
-1
Let r(b) = -b**2 - b - 2. Let p(l) = -8*l**2 + 7*l - 7. Let f(h) = -p(h) + r(h). Let w(v) = -4*v**2 + 4*v - 2. Let q(g) = 3*f(g) + 5*w(g). Calculate q(4).
5
Let m(s) = 7*s**2 + 11*s - 14. Let y(x) = -4*x**2 - 4*x + 7. Let l(f) = 3*m(f) + 5*y(f). Give l(-13).
-7
Let b(l) = 14*l**2 - 9*l - 1. Let g(n) = 2*n**2 + 1. Let o(d) = b(d) - 6*g(d). Determine o(5).
-2
Suppose 0 = 2*p + 3 - 11. Let f(m) = -m**2 - m + 5. Calculate f(p).
-15
Let h(m) = 3 - 555*m**3 + 556*m**3 - m**2 + 7. Let t = -9 - -11. Suppose 0 = -t*i - i. Give h(i).
10
Let a(f) = -f**3 + 2*f**2 + 2*f + 2. Let i be a(3). Let j be i - 2*(-2)/4. Let z(d) be the first derivative of d**4/4 + d**2/2 - 8*d + 1. Calculate z(j).
-8
Let p(f) be the third derivative of f**5/20 + f**4/8 - f**3/2 - 230*f**2. What is p(-3)?
15
Let z = 0 - -14. Let k(y) = 12*y**2 + 37*y + 11. Let q be k(-3). Suppose -4*i + m + z = 0, -q = i - 5*m - 2. Let j(l) = l**2 - 3*l + 2. Determine j(i).
6
Let m be 46/6 + 1 - (-26)/78. Let j(x) = -7 - 3 - 6*x + m. Calculate j(-2).
11
Suppose 2*t = -k + 5, -5*t + 4*k = -16 - 3. Let b(z) = 2*z - 1 + 4*z - t*z - 4*z. Let j = 1 + -4. Determine b(j).
2
Let x be 2387/(-775) - 4/(-50). Let f(b) = 2*b**2 + 4*b. What is f(x)?
6
Suppose -2*u - 22 = r, 3*u - 3*r = u - 14. Let h(l) = -l - 6. Determine h(u).
4
Let f(z) = 3*z**2 + 18*z + 24. Let